eatest common divisor of 1649 and 358200727.
1649
Calculate the highest common factor of 198 and 94474314.
198
What is the greatest common factor of 2207260 and 149860?
2540
What is the greatest common factor of 17247664 and 322?
14
What is the highest common divisor of 18668210 and 9350?
1870
What is the greatest common divisor of 9983 and 224096?
149
Calculate the highest common factor of 407888 and 3326128.
208
Calculate the greatest common divisor of 7074 and 5788366.
262
Calculate the highest common divisor of 9784072 and 505.
101
Calculate the greatest common factor of 54 and 957978.
18
What is the greatest common divisor of 31 and 18171425?
31
What is the greatest common divisor of 245294469 and 126?
63
Calculate the highest common divisor of 10178 and 6063890.
14
What is the greatest common factor of 168 and 246?
6
Calculate the greatest common factor of 10828 and 736.
4
What is the greatest common divisor of 10614128 and 8?
8
Calculate the greatest common divisor of 1442254 and 176.
22
Calculate the highest common divisor of 10238292 and 1269.
1269
Calculate the highest common factor of 16357625 and 1912625.
13375
What is the highest common divisor of 202834 and 325674?
74
What is the highest common divisor of 1950095 and 1141?
7
Calculate the greatest common divisor of 30810 and 5391360.
390
Calculate the greatest common divisor of 210 and 42762195.
105
What is the highest common factor of 2617 and 58660055?
2617
What is the greatest common divisor of 332737 and 521627?
1453
What is the highest common factor of 50122 and 494779?
19
Calculate the highest common divisor of 22 and 9806357.
11
What is the greatest common factor of 62 and 83042552?
62
What is the highest common divisor of 402 and 7450132?
134
What is the greatest common divisor of 1306 and 639682718?
1306
What is the greatest common divisor of 312 and 3648468?
12
What is the greatest common factor of 660389 and 1529?
139
Calculate the greatest common divisor of 4446 and 1154907.
117
Calculate the highest common divisor of 10367 and 11868734.
1481
Calculate the highest common factor of 96 and 585460704.
96
What is the greatest common factor of 196 and 4443432?
28
Calculate the greatest common divisor of 327750 and 4959.
57
Calculate the greatest common divisor of 4301 and 68057.
253
Calculate the greatest common factor of 893816 and 13090.
154
Calculate the greatest common factor of 11139 and 77499.
237
Calculate the greatest common factor of 511759 and 1362121.
593
Calculate the highest common divisor of 112 and 8475992.
56
What is the greatest common divisor of 3234 and 126456?
66
What is the highest common factor of 57768 and 23928?
24
Calculate the greatest common factor of 4473 and 15351.
21
Calculate the greatest common factor of 46112 and 3443.
11
Calculate the highest common divisor of 710829 and 28539.
189
What is the highest common divisor of 10 and 369015370?
10
What is the greatest common divisor of 10658606 and 558?
62
What is the greatest common divisor of 9732 and 11928999?
2433
Calculate the highest common divisor of 259287 and 1932.
21
What is the highest common divisor of 20 and 2026560?
20
What is the greatest common divisor of 83439 and 1377?
9
Calculate the highest common factor of 128223 and 285687.
81
Calculate the highest common factor of 47464264 and 3056.
1528
Calculate the greatest common divisor of 19 and 11875.
19
What is the highest common factor of 2339436 and 35964?
444
What is the highest common factor of 989776578 and 343?
343
Calculate the highest common divisor of 16634200 and 88.
88
Calculate the greatest common divisor of 280 and 6918920.
40
What is the greatest common divisor of 228 and 266228?
76
Calculate the highest common divisor of 2214945 and 92340.
1215
Calculate the greatest common factor of 3168 and 509664.
96
Calculate the greatest common factor of 5377610 and 1020.
170
What is the greatest common factor of 29064915 and 405?
45
What is the greatest common factor of 110 and 223402234?
22
What is the greatest common factor of 67725790 and 130?
10
Calculate the highest common divisor of 593460991 and 38.
19
Calculate the highest common factor of 176330 and 1331.
11
Calculate the greatest common divisor of 430890 and 7251990.
1590
Calculate the greatest common factor of 588 and 13990704.
84
Calculate the highest common factor of 21282507 and 189.
27
Calculate the greatest common factor of 2455257 and 1505.
301
What is the greatest common divisor of 22344 and 40373256?
1176
What is the highest common divisor of 54 and 12121290?
18
Calculate the greatest common factor of 2540 and 2751836.
508
What is the highest common divisor of 67952 and 3603648?
2192
Calculate the highest common factor of 1544 and 1067016.
8
What is the greatest common factor of 15096 and 124599868?
2516
What is the highest common factor of 51604690 and 6290?
170
What is the greatest common divisor of 49392 and 419652?
36
Calculate the highest common divisor of 601146 and 32760.
1638
Calculate the highest common factor of 115 and 259128235.
115
Calculate the greatest common divisor of 88944 and 1808.
16
Calculate the greatest common divisor of 87554922 and 1092.
546
Calculate the greatest common factor of 87 and 28576629.
87
Calculate the greatest common factor of 338 and 13872911.
13
What is the highest common divisor of 420 and 122439480?
60
What is the highest common factor of 17925770 and 17690?
290
Calculate the highest common divisor of 3416 and 10847935.
427
Calculate the highest common divisor of 23978558 and 40999.
5857
Calculate the greatest common divisor of 6500 and 63600875.
1625
Calculate the highest common factor of 165277273 and 3533.
3533
What is the highest common divisor of 30067 and 13161?
107
Calculate the greatest common factor of 11487 and 15099.
21
Calculate the highest common factor of 45235 and 31623.
83
Calculate the highest common divisor of 467892768 and 336.
336
What is the greatest common factor of 16744 and 3662568?
728
Calculate the greatest common factor of 81990071 and 7347.
2449
What is the greatest common divisor of 128148748 and 8736?
364
Calculate the greatest common divisor of 1526890 and 107.
107
Calculate the highest common factor of 527260 and 40.
20
Calculate the greatest common divisor of 463989 and 138537.
2199
What is the highest common divisor of 274797 and 1045?
19
What is the highest common factor of 15287231 and 86?
43
What is the highest common factor of 27565 and 56173?
149
What is the greatest common factor of 22197002 and 2958?
34
What is the greatest common factor of 1034 and 152769928?
94
What is the greatest common divisor of 732360 and 1384304?
2872
What is the highest common divisor of 462400 and 110400?
1600
Calculate the highest common factor of 68 and 774512.
4
Calculate the highest common divisor of 379206 and 7488.
18
Calculate the greatest common divisor of 4 and 365152332.
4
Calculate the highest common factor of 10846 and 36776234.
638
Calculate the highest common factor of 64584546 and 78.
78
What is the greatest common divisor of 3868486 and 425?
17
What is the greatest common factor of 2148 and 6568047?
537
Calculate the highest common factor of 27536167 and 145.
29
What is the greatest common divisor of 10250 and 1222179250?
10250
What is the greatest common factor of 24649767 and 17802?
207
What is the highest common divisor of 4297206 and 78?
6
Calculate the highest common divisor of 19363 and 12480023.
1139
Calculate the highest common divisor of 4298877 and 6.
3
Calculate the highest common factor of 7 and 266361053.
7
Calculate the greatest common divisor of 174634005 and 75.
15
Calculate the highest common factor of 38 and 84499042.
38
Calculate the highest common divisor of 546794 and 62610.
4174
What is the greatest common divisor of 60 and 20533?
1
Calculate the greatest common divisor of 3963874 and 15436.
454
Calculate the greatest common factor of 14 and 35954317.
7
Calculate the greatest common factor of 5101124 and 3956.
92
Calculate the greatest common divisor of 1225 and 12136075.
1225
Calculate the greatest common factor of 10995110 and 1470.
490
What is the greatest common factor of 3031594 and 47?
47
What is the highest common factor of 112 and 44138948?
28
What is t